ive of -p**3/3 - 6*p - 97. Give w(0).
-6
Let n(p) = 111 + 2*p**2 - 100 + 10*p - p**2. Calculate n(-9).
2
Let h(b) be the second derivative of b**4/12 + 7*b**3/6 - 9*b**2/2 - 2*b + 742. Determine h(6).
69
Let u(s) = -s**3 + 5*s**2 - 4*s - 2. Let t = -28 - -54. Let o be t/117 - (-34)/9. Give u(o).
-2
Suppose -y + 0*m - 3*m = -46, m + 38 = y. Suppose 3*f = -f + 4*j + y, j - 8 = -2*f. Let q(u) = 8 - 5*u - u + u**2 - u. What is q(f)?
2
Let h = -268 - -269. Let s(d) be the first derivative of 3/2*d**2 + h - d. Determine s(1).
2
Let a(k) = -4*k + 5. Suppose -3*h + 88 = -188. Let p(t) = h - 98 + 5*t + 0*t. Let m(l) = -3*a(l) - 2*p(l). Determine m(5).
7
Let n(v) = -v + 17. Let g(l) = l - 5. Let k(f) = -7*g(f) - 2*n(f). What is k(3)?
-14
Let d(o) be the second derivative of -o**4/12 - 2*o**3/3 - 3*o**2 - 2*o. Suppose -32 - 18 = 5*n - 4*k, 13 = 2*n + 5*k. Let a be 3*(0 - (-8)/n). Calculate d(a).
-6
Let m = -17 + 18. Let f be m + -4 + -3 + 4. Let a(t) = 5*t**2 + 6*t + 4. Let i(p) = 11*p**2 + 13*p + 9. Let w(s) = -5*a(s) + 2*i(s). Give w(f).
-6
Let x(k) = 2*k + 3. Let w(y) = 4*y + 8. Let r(b) = -3*w(b) + 7*x(b). What is r(5)?
7
Suppose -4*z - 3 = t, -5*t - 3*z - 37 = -5*z. Let k(w) = -2*w - 9. What is k(t)?
5
Suppose -15*f = -13*f + 8. Let j(r) = -r**3 - 4*r**2 + r - 2. Determine j(f).
-6
Let j(y) be the first derivative of y**3/3 + y**2 + y - 9. Let h(x) = 3*x - 9. Let o be h(5). Let l = o - 8. What is j(l)?
1
Let y(h) = 2*h - 18. Let w be y(12). Let g(q) be the second derivative of -q**3/6 + 3*q**2 + 25*q + 3. Give g(w).
0
Let b(p) = -4*p - 170. Let j be b(-42). Let u(a) = -5*a - 2. Calculate u(j).
8
Let x(a) = -a**3 + 21*a**2 + 1. Let r be x(21). Let l(d) = 10 + r + d - 11. Give l(3).
3
Suppose -b + 2*c - 9 = 0, 10 = -5*b - 3*c + 4. Let d(p) = 4*p**2 + 3*p - 1. Give d(b).
26
Let l(j) = j**3 - 4*j**2 + 2*j + 4. Suppose 0 = 2*v + 3*v + 10. Let s be (-9)/12 + v + (-69)/(-12). What is l(s)?
1
Let m be ((-70)/(-105))/(2/33 + 0). Let r(w) = -w**2 + 10*w + 11. Determine r(m).
0
Suppose 199*u - 200*u = -3, -2*u - 42 = 4*h. Let r(d) = d**2 + 9*d - 11. What is r(h)?
25
Let g(c) = c + 17. Let j(a) = -3*a - 89. Let z(y) = y**3 - 30*y**2 + y - 56. Let b be z(30). Let s be j(b). Give g(s).
6
Let u(q) = q - 3. Let s be u(-3). Let f(w) = -2*w - 3. Let h(z) = 7*z + 11. Let m(n) = s*h(n) - 22*f(n). What is m(3)?
6
Let k(h) = -27 - 610*h + 24 + 619*h. Give k(-3).
-30
Let x(m) = -4*m**2 + 14*m + 3. Let w be -3 - 100/(-12) - 4/3. What is x(w)?
-5
Let t(d) = -6*d**2 - 2*d + 1. Suppose 2*s = 21*s - 19. What is t(s)?
-7
Let k(t) = -t**2 - 2*t + 3. Suppose g = 6*g - 75. Suppose 75*y - g = 80*y. What is k(y)?
0
Let f(p) = p**3 + p**2 - 4*p - 3. Let a = -6 + 9. Suppose -3*s + 2 = 2*b, s + 2*b + a = 9. Give f(s).
1
Suppose -4*d + 4*h - 48 = 0, 7*d - 6*d = -5*h + 12. Let s(t) = t**2 + 8*t - 11. What is s(d)?
-11
Suppose 8*k - 4*k - 32 = 0. Let h(q) = 2*q**2 - 4 - 7*q - k + 6 - 3*q**2. Determine h(-7).
-6
Let h(n) = n**2 + 6*n + 1. Let s = -35 - -25. Let m = s - -16. Suppose 3*r - t - 3*t = 0, 0 = -2*t - m. Calculate h(r).
-7
Let u = 1857 - 1855. Let a(s) = 3*s**3 - 2*s**2 - 1. Calculate a(u).
15
Let d(k) = 173*k - 90*k - 23 - 83*k + 0*k**2 - k**2. Give d(0).
-23
Suppose 4*t + 3*l = 2, 0 = -3*t + 2*l - 5*l. Let h(a) = 3*a - 3. Let y(n) = 3*n - 3. Let z(d) = -6*h(d) + 7*y(d). What is z(t)?
3
Suppose 1192 - 1188 = 2*g. Let j(s) = 3*s + 7. Determine j(g).
13
Let f(a) = a**3 - a**2 - a - 6. Let w be 4/(-4) - (1 + -10). Let b be ((-6)/(-10))/(3/15). Suppose -b*h = -w*h. Calculate f(h).
-6
Let f(s) = s**3 + 5*s**2 + 4*s + 5. Let t be f(-4). Let r(a) = -7*a**3 + 545*a**2 - 5 + 3 + 5 + 6*a**3 - 5*a - 539*a**2. Give r(t).
3
Suppose 62 = -2*x + 18. Let s = 22 + x. Let y(r) = 2*r**2 + 2*r - 9. Let d(q) = q**2 + q - 1. Let b(n) = 3*d(n) - y(n). Calculate b(s).
6
Let d(a) be the first derivative of 1 + 0*a**2 + 14 + 4 + a**2. Determine d(-1).
-2
Let c(x) = -115*x**2 - 112*x**2 + 227*x**2 - 4 - x**3. Give c(0).
-4
Let h(k) = -5 + 3*k + 8*k - 3*k - 6 - k**2. Calculate h(5).
4
Let c(m) = -m**2. Let t(b) = 4*b**3 + 3*b**2 - b. Let y be t(3). Let x = -133 + y. Calculate c(x).
-1
Let t(u) = 5*u - 12. Let o(x) = 5. Let q(y) = y + 4. Let a(d) = 4*o(d) - 3*q(d). Let j(k) = 8*a(k) + 5*t(k). Let m be 348/986*17/2. Determine j(m).
7
Let o(p) = -7*p**3 - 2*p + 2. Let m(k) = -k**3 + k**2. Let s(q) = 6*m(q) - o(q). Determine s(-4).
22
Let n(q) be the first derivative of -3*q**2/2 + 11*q + 82. Determine n(6).
-7
Let q(i) = -2*i + 2. Let z(w) = w**2 - 19*w - 40. Let n be z(21). Suppose 9 = 3*u, 2*u + 0*u - 14 = -n*m. What is q(m)?
-6
Let s(g) = g**3 + 2*g**2 + g + 2. Let q be (-15)/6 + 9/18. What is s(q)?
0
Let n(t) be the second derivative of t**8/6720 + t**7/2520 + 2*t**5/15 + 31*t**4/12 - 5*t. Let o(k) be the third derivative of n(k). Give o(0).
16
Let h(i) be the third derivative of i**6/36 - i**5/120 - i**4/24 + 19*i**3/6 - 2*i**2. Let n(v) be the first derivative of h(v). What is n(-1)?
10
Let x(v) be the third derivative of v**4/24 - v**3/6 - 2*v**2. Suppose 2*b - 2*m = 26, 0*b + 3*b + m - 27 = 0. Let n be (-8)/b + 76/20. Give x(n).
2
Let j(m) = 148*m + m**3 + 7 - 5*m**2 - 148*m. Let r = 3 + 2. What is j(r)?
7
Let p be (-14)/(-3) + 2/6. Let z(y) = -3 - 3*y + p*y - 4. Let x be (42/12)/((-1)/(-2)). What is z(x)?
7
Let m be 18/(-45) - (-22)/5. Let z(i) be the third derivative of 0 - 1/6*i**3 + 0*i + 7/24*i**4 + m*i**2. Calculate z(1).
6
Let y(v) be the second derivative of 11*v**5/20 + v**3/6 + v**2/2 + 3*v. Suppose 5*q + 2*f = 59, -3*f + 56 = 5*q - 5. Let z = 10 - q. Calculate y(z).
-11
Suppose 4*v - l - 8 = 0, v = -4*v - l + 19. Suppose 20 = -v*t + 8. Let r(w) = w**3 + 5*w**2 + 4*w. Give r(t).
0
Suppose -315 = -7*y + 42*y. Let j(p) = p**3 + 8*p**2 - 8*p + 13. Determine j(y).
4
Let d(x) = 3*x**2 + 4*x - 6. Let n be d(-4). Let o = n - 22. Let j(m) be the third derivative of -m**5/60 + 5*m**4/24 - m**3/6 + 2*m**2. Calculate j(o).
3
Let v(s) = -3 + s**3 + 9*s**2 - 146*s + 149*s - 5*s**2. Determine v(-4).
-15
Let l be (-48)/10 - 11/55. Let p(n) = -n**2 - 7*n - 2. Determine p(l).
8
Let t(l) = -2*l**3 + 2*l**2 + l + 2. Let s(r) = 4*r - 10. Let z be s(3). Determine t(z).
-4
Let x(z) be the first derivative of -2*z**3/3 - z**2/2 - 3*z - 250. Determine x(-2).
-9
Let b = 6 + -8. Let c(o) be the first derivative of -o**4/4 + 2*o + 7. Give c(b).
10
Let a = 34 - 13. Suppose 4*k + 1 = a. Suppose 2*z + k*t - 3 = 2*t, -t = 1. Let l(s) = s**2 - 3*s + 4. Determine l(z).
4
Let l(b) = 4*b + 99. Let w(o) = -o - 33. Let n(d) = 4*l(d) + 11*w(d). What is n(-7)?
-2
Let m(t) = -t + 8. Let f be m(6). Let j(a) be the second derivative of -a**5/20 + a**4/12 - a**3/6 - a**2/2 + 29*a - 2. Determine j(f).
-7
Let f(x) = -5*x - 5. Let z(v) = 8*v + 10. Let o(l) = 7*f(l) + 4*z(l). Determine o(-6).
23
Let u = 3 - 7. Let m(n) = -11*n - 5. Let i(h) = 30*h + 14. Let v(z) = 4*i(z) + 11*m(z). Determine v(u).
5
Let b = 70 - 73. Let l(g) = 4 + 0*g**2 + 4*g - 25*g**3 + 4*g**2 + 26*g**3. Determine l(b).
1
Let t(x) = 3*x. Suppose 3 = -4*w + 2*q - 3*q, -2*q + 10 = 0. Give t(w).
-6
Let b(k) be the first derivative of 2*k**2 + k + 1. Let x(n) = 5*n - 4. Let g be x(1). Let z(m) = m**2 - m + 1. Let u be z(g). Give b(u).
5
Let w(r) = -3*r. Suppose 9*i - 2*l = 6*i, -4*i = 4*l + 20. Calculate w(i).
6
Suppose -13*b + 16*b = 15. Let f(j) = -b + 4 - 48*j**2 + 51*j**2 - 3*j. Give f(3).
17
Let i(u) = -u**3 + 3*u**2 + 3*u - 6. Let h = 795 + -791. Calculate i(h).
-10
Suppose 0 = -s - 2*n + 3, s - n = 2*s - 5. Let a(b) = -1 - s*b**2 + 1 + 1. Suppose -4*h - 37 + 41 = 0. Calculate a(h).
-6
Let q(u) be the first derivative of 0*u + 13 + 5/6*u**3 + 7/24*u**4 + 9/2*u**2 + 1/60*u**5. Let g(c) be the second derivative of q(c). Give g(-4).
-7
Let l(f) = 6*f**3 - 5*f**2 + 6*f - 4. Let g(r) be the first derivative of r**4/4 - r**3/3 + r**2/2 - r + 7. Let z(s) = 5*g(s) - l(s). What is z(-1)?
1
Let z(c) = c**2 + 10*c - 2. Let j = -475 + 465. Give z(j).
-2
Let b be (-66)/(-24) + (2/(-8))/(-1). Suppose -3*h + 0*h - b = 0. Let f(x) = 8*x**2 - 1. Determine f(h).
7
Let a(w) = -w**2 + 10*w - 10. Let v be (149 - 151)/(1/9*-2). Calculate a(v).
-1
Let g(k) be the third derivative of -k**4/24 + k**3 + 117*k**2. Determine g(6).
0
Let r(o) = -o**3 - 15*o**2 - o - 12. Let y be ((-78)/(-10